{"id":249,"date":"2024-07-02T18:41:40","date_gmt":"2024-07-02T18:41:40","guid":{"rendered":"https:\/\/get-out.pl\/?page_id=249"},"modified":"2024-07-18T08:50:06","modified_gmt":"2024-07-18T08:50:06","slug":"faq","status":"publish","type":"page","link":"https:\/\/get-out.pl\/?page_id=249","title":{"rendered":"faq"},"content":{"rendered":"\t\t<div data-elementor-type=\"wp-page\" data-elementor-id=\"249\" class=\"elementor elementor-249\" data-elementor-settings=\"{&quot;element_pack_global_tooltip_width&quot;:{&quot;unit&quot;:&quot;px&quot;,&quot;size&quot;:&quot;&quot;,&quot;sizes&quot;:[]},&quot;element_pack_global_tooltip_width_tablet&quot;:{&quot;unit&quot;:&quot;px&quot;,&quot;size&quot;:&quot;&quot;,&quot;sizes&quot;:[]},&quot;element_pack_global_tooltip_width_mobile&quot;:{&quot;unit&quot;:&quot;px&quot;,&quot;size&quot;:&quot;&quot;,&quot;sizes&quot;:[]},&quot;element_pack_global_tooltip_padding&quot;:{&quot;unit&quot;:&quot;px&quot;,&quot;top&quot;:&quot;&quot;,&quot;right&quot;:&quot;&quot;,&quot;bottom&quot;:&quot;&quot;,&quot;left&quot;:&quot;&quot;,&quot;isLinked&quot;:true},&quot;element_pack_global_tooltip_padding_tablet&quot;:{&quot;unit&quot;:&quot;px&quot;,&quot;top&quot;:&quot;&quot;,&quot;right&quot;:&quot;&quot;,&quot;bottom&quot;:&quot;&quot;,&quot;left&quot;:&quot;&quot;,&quot;isLinked&quot;:true},&quot;element_pack_global_tooltip_padding_mobile&quot;:{&quot;unit&quot;:&quot;px&quot;,&quot;top&quot;:&quot;&quot;,&quot;right&quot;:&quot;&quot;,&quot;bottom&quot;:&quot;&quot;,&quot;left&quot;:&quot;&quot;,&quot;isLinked&quot;:true},&quot;element_pack_global_tooltip_border_radius&quot;:{&quot;unit&quot;:&quot;px&quot;,&quot;top&quot;:&quot;&quot;,&quot;right&quot;:&quot;&quot;,&quot;bottom&quot;:&quot;&quot;,&quot;left&quot;:&quot;&quot;,&quot;isLinked&quot;:true},&quot;element_pack_global_tooltip_border_radius_tablet&quot;:{&quot;unit&quot;:&quot;px&quot;,&quot;top&quot;:&quot;&quot;,&quot;right&quot;:&quot;&quot;,&quot;bottom&quot;:&quot;&quot;,&quot;left&quot;:&quot;&quot;,&quot;isLinked&quot;:true},&quot;element_pack_global_tooltip_border_radius_mobile&quot;:{&quot;unit&quot;:&quot;px&quot;,&quot;top&quot;:&quot;&quot;,&quot;right&quot;:&quot;&quot;,&quot;bottom&quot;:&quot;&quot;,&quot;left&quot;:&quot;&quot;,&quot;isLinked&quot;:true}}\" data-elementor-post-type=\"page\">\n\t\t\t\t\t\t<section class=\"elementor-section elementor-top-section elementor-element elementor-element-91640da elementor-section-boxed elementor-section-height-default elementor-section-height-default\" data-id=\"91640da\" data-element_type=\"section\" data-settings=\"{&quot;background_background&quot;:&quot;video&quot;,&quot;background_video_link&quot;:&quot;https:\\\/\\\/get-out.pl\\\/wp-content\\\/uploads\\\/2024\\\/07\\\/transition-1.mp4&quot;,&quot;background_play_on_mobile&quot;:&quot;yes&quot;}\">\n\t\t\t\t\t\t\t\t<div class=\"elementor-background-video-container\" aria-hidden=\"true\">\n\t\t\t\t\t\t\t\t\t\t\t\t\t<video class=\"elementor-background-video-hosted\" autoplay muted playsinline loop><\/video>\n\t\t\t\t\t\t\t\t\t\t\t<\/div>\n\t\t\t\t\t\t\t\t\t<div class=\"elementor-background-overlay\"><\/div>\n\t\t\t\t\t\t\t<div class=\"elementor-container elementor-column-gap-default\">\n\t\t\t\t\t<div class=\"elementor-column elementor-col-100 elementor-top-column elementor-element elementor-element-8ea6498\" data-id=\"8ea6498\" data-element_type=\"column\">\n\t\t\t<div class=\"elementor-widget-wrap elementor-element-populated\">\n\t\t\t\t\t\t<div class=\"elementor-element elementor-element-1d32020 elementor-widget elementor-widget-xel-glitch-heading\" data-id=\"1d32020\" data-element_type=\"widget\" data-widget_type=\"xel-glitch-heading.default\">\n\t\t\t\t<div class=\"elementor-widget-container\">\n\t\t\t\t\t\t\t<div id=\"xel-1d32020\" class=\"xel-glitch-heading\" data-json=\"{&quot;color_glitch&quot;:&quot;&quot;,&quot;color_glitch_2&quot;:&quot;&quot;,&quot;magnitude&quot;:3}\">\r\n\t\t\t<h2 class=\"xel-glitch-heading-title\">\r\n\t\t\t\t<span class=\"xel-glitch-heading-effect\">faq<\/span>\t\t\t<\/h2>\r\n\t\t<\/div>\r\n\t\t\t\t<\/div>\n\t\t\t\t<\/div>\n\t\t\t\t\t<\/div>\n\t\t<\/div>\n\t\t\t\t\t<\/div>\n\t\t<\/section>\n\t\t\t\t<section class=\"elementor-section elementor-top-section elementor-element elementor-element-1ebd4b80 elementor-section-boxed elementor-section-height-default elementor-section-height-default\" data-id=\"1ebd4b80\" data-element_type=\"section\" data-settings=\"{&quot;background_background&quot;:&quot;classic&quot;}\">\n\t\t\t\t\t\t\t<div class=\"elementor-background-overlay\"><\/div>\n\t\t\t\t\t\t\t<div class=\"elementor-container elementor-column-gap-default\">\n\t\t\t\t\t<div class=\"elementor-column elementor-col-100 elementor-top-column elementor-element elementor-element-305cc250\" data-id=\"305cc250\" data-element_type=\"column\">\n\t\t\t<div class=\"elementor-widget-wrap elementor-element-populated\">\n\t\t\t\t\t\t<div class=\"elementor-element elementor-element-714919f elementor-widget elementor-widget-xel-glitch-heading\" data-id=\"714919f\" data-element_type=\"widget\" data-widget_type=\"xel-glitch-heading.default\">\n\t\t\t\t<div class=\"elementor-widget-container\">\n\t\t\t\t\t\t\t<div id=\"xel-714919f\" class=\"xel-glitch-heading\" data-json=\"{&quot;color_glitch&quot;:&quot;#FF0000&quot;,&quot;color_glitch_2&quot;:&quot;#FF0000&quot;,&quot;magnitude&quot;:4}\">\r\n\t\t\t<h2 class=\"xel-glitch-heading-title\">\r\n\t\t\t\t<span class=\"xel-glitch-heading-effect\">NAJCZ\u0118\u015aCIEJ ZADAWANE PYTANIA<\/span>\t\t\t<\/h2>\r\n\t\t<\/div>\r\n\t\t\t\t<\/div>\n\t\t\t\t<\/div>\n\t\t\t\t<div class=\"elementor-element elementor-element-9eaea5e elementor-widget elementor-widget-text-editor\" data-id=\"9eaea5e\" data-element_type=\"widget\" data-widget_type=\"text-editor.default\">\n\t\t\t\t<div class=\"elementor-widget-container\">\n\t\t\t\t\t\t\t\t\t<p>Masz pytania dotycz\u0105ce naszego escape roomu? Sprawd\u017a nasz\u0105 sekcj\u0119 FAQ, gdzie znajdziesz odpowiedzi na najcz\u0119\u015bciej zadawane pytania o zasady gry, rezerwacje, bezpiecze\u0144stwo i wiele wi\u0119cej.<\/p>\t\t\t\t\t\t\t\t<\/div>\n\t\t\t\t<\/div>\n\t\t\t\t<section class=\"elementor-section elementor-inner-section elementor-element elementor-element-29877cd9 elementor-section-boxed elementor-section-height-default elementor-section-height-default\" data-id=\"29877cd9\" data-element_type=\"section\">\n\t\t\t\t\t\t<div class=\"elementor-container elementor-column-gap-no\">\n\t\t\t\t\t<div class=\"elementor-column elementor-col-100 elementor-inner-column elementor-element elementor-element-6b8e41c4\" data-id=\"6b8e41c4\" data-element_type=\"column\">\n\t\t\t<div class=\"elementor-widget-wrap elementor-element-populated\">\n\t\t\t\t\t\t<div class=\"elementor-element elementor-element-5c0ca023 elementor-widget elementor-widget-jkit_accordion\" data-id=\"5c0ca023\" data-element_type=\"widget\" data-widget_type=\"jkit_accordion.default\">\n\t\t\t\t<div class=\"elementor-widget-container\">\n\t\t\t\t\t<div  class=\"jeg-elementor-kit jkit-accordion style-default jeg_module___6a046685316de\" ><div class=\"card-wrapper expand\">\n                <div class=\"card-header\">\n                    <a href=\"#expand-2ce8f08\" class=\"card-header-button\" aria-expanded=\"false\" data-target=\"#expand-2ce8f08\" aria-controls=\"expand-2ce8f08\">\n                        <div class=\"left-icon-group\">\n                <div class=\"normal-icon\"><i aria-hidden=\"true\" class=\"jki jki-plus-light\"><\/i><\/div>\n                <div class=\"active-icon\"><i aria-hidden=\"true\" class=\"jki jki-minus-light\"><\/i><\/div>\n            <\/div><span class=\"title\">Czym jest escape room?<\/span>\n                    <\/a>\n                <\/div>\n                <div class=\"card-expand\" id=\"expand-2ce8f08\" style=\"display:block\"><div class=\"card-body\"><p>Escape room to interaktywna gra zespo\u0142owa, w kt\u00f3rej gracze zostaj\u0105 zamkni\u0119ci w pokoju i musz\u0105 rozwi\u0105za\u0107 r\u00f3\u017cnorodne zagadki, aby uciec w okre\u015blonym czasie, zazwyczaj 60 minut. To doskona\u0142a zabawa dla grup przyjaci\u00f3\u0142, rodzin, a tak\u017ce jako forma integracji firmowej.<\/p><\/div><\/div>\n            <\/div><div class=\"card-wrapper \">\n                <div class=\"card-header\">\n                    <a href=\"#expand-550fd4c\" class=\"card-header-button\" aria-expanded=\"false\" data-target=\"#expand-550fd4c\" aria-controls=\"expand-550fd4c\">\n                        <div class=\"left-icon-group\">\n                <div class=\"normal-icon\"><i aria-hidden=\"true\" class=\"jki jki-plus-light\"><\/i><\/div>\n                <div class=\"active-icon\"><i aria-hidden=\"true\" class=\"jki jki-minus-light\"><\/i><\/div>\n            <\/div><span class=\"title\">Jakie s\u0105 zasady gry?<\/span>\n                    <\/a>\n                <\/div>\n                <div class=\"card-expand\" id=\"expand-550fd4c\" style=\"display:none\"><div class=\"card-body\"><ul><li>Gracze zostaj\u0105 zamkni\u0119ci w pokoju i maj\u0105 okre\u015blony czas (zwykle 60 minut) na rozwi\u0105zanie wszystkich zagadek.<\/li><li>W pokoju znajduj\u0105 si\u0119 r\u00f3\u017cnorodne wskaz\u00f3wki, kt\u00f3re trzeba znale\u017a\u0107 i wykorzysta\u0107, aby rozwi\u0105za\u0107 zagadki.<\/li><li>Komunikacja i wsp\u00f3\u0142praca w zespole s\u0105 kluczowe do odniesienia sukcesu.<\/li><li>W razie potrzeby, mo\u017cna poprosi\u0107 o podpowiedzi od naszego zespo\u0142u obs\u0142ugi.<\/li><\/ul><\/div><\/div>\n            <\/div><div class=\"card-wrapper \">\n                <div class=\"card-header\">\n                    <a href=\"#expand-b1f6ca1\" class=\"card-header-button\" aria-expanded=\"false\" data-target=\"#expand-b1f6ca1\" aria-controls=\"expand-b1f6ca1\">\n                        <div class=\"left-icon-group\">\n                <div class=\"normal-icon\"><i aria-hidden=\"true\" class=\"jki jki-plus-light\"><\/i><\/div>\n                <div class=\"active-icon\"><i aria-hidden=\"true\" class=\"jki jki-minus-light\"><\/i><\/div>\n            <\/div><span class=\"title\">Czy musz\u0119 mie\u0107 jakie\u015b specjalne umiej\u0119tno\u015bci, aby wzi\u0105\u0107 udzia\u0142?<\/span>\n                    <\/a>\n                <\/div>\n                <div class=\"card-expand\" id=\"expand-b1f6ca1\" style=\"display:none\"><div class=\"card-body\"><ul><li>Nie, escape roomy s\u0105 zaprojektowane tak, aby ka\u017cdy m\u00f3g\u0142 wzi\u0105\u0107 w nich udzia\u0142, bez wzgl\u0119du na wiek czy do\u015bwiadczenie. Wystarczy ch\u0119\u0107 do zabawy, logicznego my\u015blenia i wsp\u00f3\u0142pracy z zespo\u0142em.<\/li><\/ul><\/div><\/div>\n            <\/div><div class=\"card-wrapper \">\n                <div class=\"card-header\">\n                    <a href=\"#expand-476ff35\" class=\"card-header-button\" aria-expanded=\"false\" data-target=\"#expand-476ff35\" aria-controls=\"expand-476ff35\">\n                        <div class=\"left-icon-group\">\n                <div class=\"normal-icon\"><i aria-hidden=\"true\" class=\"jki jki-plus-light\"><\/i><\/div>\n                <div class=\"active-icon\"><i aria-hidden=\"true\" class=\"jki jki-minus-light\"><\/i><\/div>\n            <\/div><span class=\"title\">Jak mog\u0119 zarezerwowa\u0107 gr\u0119?<\/span>\n                    <\/a>\n                <\/div>\n                <div class=\"card-expand\" id=\"expand-476ff35\" style=\"display:none\"><div class=\"card-body\"><ul><li>Rezerwacji mo\u017cna dokona\u0107 online poprzez nasz\u0105 stron\u0119 internetow\u0105. Wybierz interesuj\u0105cy Ci\u0119 pok\u00f3j, dat\u0119 oraz godzin\u0119, a nast\u0119pnie wype\u0142nij formularz rezerwacyjny. Potwierdzenie otrzymasz drog\u0105 mailow\u0105.<\/li><\/ul><\/div><\/div>\n            <\/div><div class=\"card-wrapper \">\n                <div class=\"card-header\">\n                    <a href=\"#expand-6feddad\" class=\"card-header-button\" aria-expanded=\"false\" data-target=\"#expand-6feddad\" aria-controls=\"expand-6feddad\">\n                        <div class=\"left-icon-group\">\n                <div class=\"normal-icon\"><i aria-hidden=\"true\" class=\"jki jki-plus-light\"><\/i><\/div>\n                <div class=\"active-icon\"><i aria-hidden=\"true\" class=\"jki jki-minus-light\"><\/i><\/div>\n            <\/div><span class=\"title\">Ile os\u00f3b mo\u017ce bra\u0107 udzia\u0142 w grze?<\/span>\n                    <\/a>\n                <\/div>\n                <div class=\"card-expand\" id=\"expand-6feddad\" style=\"display:none\"><div class=\"card-body\"><ul><li>Nasze pokoje s\u0105 przeznaczone dla grup od 2 do 5 os\u00f3b, w zale\u017cno\u015bci od konkretnego pokoju. Dok\u0142adne informacje na ten temat mo\u017cna znale\u017a\u0107 na stronie ka\u017cdego pokoju.<\/li><\/ul><\/div><\/div>\n            <\/div><div class=\"card-wrapper \">\n                <div class=\"card-header\">\n                    <a href=\"#expand-815f9d5\" class=\"card-header-button\" aria-expanded=\"false\" data-target=\"#expand-815f9d5\" aria-controls=\"expand-815f9d5\">\n                        <div class=\"left-icon-group\">\n                <div class=\"normal-icon\"><i aria-hidden=\"true\" class=\"jki jki-plus-light\"><\/i><\/div>\n                <div class=\"active-icon\"><i aria-hidden=\"true\" class=\"jki jki-minus-light\"><\/i><\/div>\n            <\/div><span class=\"title\">Czy mog\u0119 odwo\u0142a\u0107 lub zmieni\u0107 rezerwacj\u0119?<\/span>\n                    <\/a>\n                <\/div>\n                <div class=\"card-expand\" id=\"expand-815f9d5\" style=\"display:none\"><div class=\"card-body\"><ul><li>Tak, rezerwacj\u0119 mo\u017cna odwo\u0142a\u0107 lub zmieni\u0107 najp\u00f3\u017aniej na 24 godziny przed zaplanowan\u0105 gr\u0105. W celu dokonania zmian prosimy o kontakt mailowy lub telefoniczny.<\/li><\/ul><\/div><\/div>\n            <\/div><div class=\"card-wrapper \">\n                <div class=\"card-header\">\n                    <a href=\"#expand-7932852\" class=\"card-header-button\" aria-expanded=\"false\" data-target=\"#expand-7932852\" aria-controls=\"expand-7932852\">\n                        <div class=\"left-icon-group\">\n                <div class=\"normal-icon\"><i aria-hidden=\"true\" class=\"jki jki-plus-light\"><\/i><\/div>\n                <div class=\"active-icon\"><i aria-hidden=\"true\" class=\"jki jki-minus-light\"><\/i><\/div>\n            <\/div><span class=\"title\">Czy s\u0105 jakie\u015b ograniczenia wiekowe?<\/span>\n                    <\/a>\n                <\/div>\n                <div class=\"card-expand\" id=\"expand-7932852\" style=\"display:none\"><div class=\"card-body\"><ul><li>Tak, minimalny wiek uczestnik\u00f3w to 12 lat. Osoby poni\u017cej 16 roku \u017cycia musz\u0105 by\u0107 w towarzystwie osoby doros\u0142ej.<\/li><\/ul><\/div><\/div>\n            <\/div><div class=\"card-wrapper \">\n                <div class=\"card-header\">\n                    <a href=\"#expand-a4d4f4b\" class=\"card-header-button\" aria-expanded=\"false\" data-target=\"#expand-a4d4f4b\" aria-controls=\"expand-a4d4f4b\">\n                        <div class=\"left-icon-group\">\n                <div class=\"normal-icon\"><i aria-hidden=\"true\" class=\"jki jki-plus-light\"><\/i><\/div>\n                <div class=\"active-icon\"><i aria-hidden=\"true\" class=\"jki jki-minus-light\"><\/i><\/div>\n            <\/div><span class=\"title\">Czy escape roomy s\u0105 bezpieczne?<\/span>\n                    <\/a>\n                <\/div>\n                <div class=\"card-expand\" id=\"expand-a4d4f4b\" style=\"display:none\"><div class=\"card-body\"><ul><li>Tak, bezpiecze\u0144stwo naszych go\u015bci jest dla nas priorytetem. Wszystkie pokoje s\u0105 regularnie sprawdzane i utrzymywane w idealnym stanie. W razie nag\u0142ej potrzeby, mo\u017cna w ka\u017cdej chwili opu\u015bci\u0107 pok\u00f3j, a nasz personel jest zawsze dost\u0119pny.<\/li><\/ul><\/div><\/div>\n            <\/div><div class=\"card-wrapper \">\n                <div class=\"card-header\">\n                    <a href=\"#expand-272137f\" class=\"card-header-button\" aria-expanded=\"false\" data-target=\"#expand-272137f\" aria-controls=\"expand-272137f\">\n                        <div class=\"left-icon-group\">\n                <div class=\"normal-icon\"><i aria-hidden=\"true\" class=\"jki jki-plus-light\"><\/i><\/div>\n                <div class=\"active-icon\"><i aria-hidden=\"true\" class=\"jki jki-minus-light\"><\/i><\/div>\n            <\/div><span class=\"title\">Czy mog\u0119 przynie\u015b\u0107 swoje rzeczy do pokoju?<\/span>\n                    <\/a>\n                <\/div>\n                <div class=\"card-expand\" id=\"expand-272137f\" style=\"display:none\"><div class=\"card-body\"><ul><li>Prosimy o pozostawienie swoich rzeczy w zamykanych szafkach dost\u0119pnych na miejscu. Telefon\u00f3w kom\u00f3rkowych oraz innych urz\u0105dze\u0144 elektronicznych nie mo\u017cna u\u017cywa\u0107 podczas gry.<\/li><\/ul><\/div><\/div>\n            <\/div><\/div>\t\t\t\t<\/div>\n\t\t\t\t<\/div>\n\t\t\t\t\t<\/div>\n\t\t<\/div>\n\t\t\t\t\t<\/div>\n\t\t<\/section>\n\t\t\t\t\t<\/div>\n\t\t<\/div>\n\t\t\t\t\t<\/div>\n\t\t<\/section>\n\t\t\t\t<\/div>\n\t\t","protected":false},"excerpt":{"rendered":"<p>faq NAJCZ\u0118\u015aCIEJ ZADAWANE PYTANIA Masz pytania dotycz\u0105ce naszego escape roomu? Sprawd\u017a nasz\u0105 sekcj\u0119 FAQ, gdzie znajdziesz odpowiedzi na najcz\u0119\u015bciej zadawane pytania o zasady gry, rezerwacje, bezpiecze\u0144stwo i wiele wi\u0119cej. Czym&hellip;<\/p>\n","protected":false},"author":1,"featured_media":0,"parent":0,"menu_order":0,"comment_status":"closed","ping_status":"closed","template":"elementor_header_footer","meta":{"footnotes":""},"class_list":["post-249","page","type-page","status-publish","hentry"],"_links":{"self":[{"href":"https:\/\/get-out.pl\/index.php?rest_route=\/wp\/v2\/pages\/249","targetHints":{"allow":["GET"]}}],"collection":[{"href":"https:\/\/get-out.pl\/index.php?rest_route=\/wp\/v2\/pages"}],"about":[{"href":"https:\/\/get-out.pl\/index.php?rest_route=\/wp\/v2\/types\/page"}],"author":[{"embeddable":true,"href":"https:\/\/get-out.pl\/index.php?rest_route=\/wp\/v2\/users\/1"}],"replies":[{"embeddable":true,"href":"https:\/\/get-out.pl\/index.php?rest_route=%2Fwp%2Fv2%2Fcomments&post=249"}],"version-history":[{"count":49,"href":"https:\/\/get-out.pl\/index.php?rest_route=\/wp\/v2\/pages\/249\/revisions"}],"predecessor-version":[{"id":1364,"href":"https:\/\/get-out.pl\/index.php?rest_route=\/wp\/v2\/pages\/249\/revisions\/1364"}],"wp:attachment":[{"href":"https:\/\/get-out.pl\/index.php?rest_route=%2Fwp%2Fv2%2Fmedia&parent=249"}],"curies":[{"name":"wp","href":"https:\/\/api.w.org\/{rel}","templated":true}]}}